{"id":70,"date":"2019-06-24T09:20:06","date_gmt":"2019-06-24T07:20:06","guid":{"rendered":"https:\/\/shop.weingutbernhart.de\/Catalog\/?page_id=70"},"modified":"2019-06-24T09:20:07","modified_gmt":"2019-06-24T07:20:07","slug":"os-plattform","status":"publish","type":"page","link":"https:\/\/weingutbernhart.de\/Catalog\/os-plattform\/","title":{"rendered":"OS-Plattform"},"content":{"rendered":"\n<p>Hinweis OS-Plattform<br>=====================<\/p>\n\n\n\n<p>Die Europ\u00e4ische Kommission stellt eine Plattform f\u00fcr die au\u00dfergerichtliche Online-Streitbeilegung (OS-Plattform) bereit, die unter&nbsp;<a href=\"http:\/\/www.ec.europa.eu\/consumers\/odr\">www.ec.europa.eu\/consumers\/odr<\/a>&nbsp;aufrufbar ist. Wir sind weder verpflichtet noch bereit, an dem Streitschlichtungsverfahren teilzunehmen.<\/p>\n\n\n\n<p>unsere Anschrift und Emailadresse:<\/p>\n\n\n\n<p>Weingut Bernhart GbR<br>Schulstra\u00dfe 14<br>55271 Stadecken-Elsheim<\/p>\n\n\n\n<p>E-Mail:&nbsp;<a href=\"mailto:info@weingutbernhart.de\">info@weingutbernhart.de<\/a><\/p>\n","protected":false},"excerpt":{"rendered":"<p>Hinweis OS-Plattform===================== Die Europ\u00e4ische Kommission stellt eine Plattform f\u00fcr die au\u00dfergerichtliche Online-Streitbeilegung (OS-Plattform) bereit, die unter&nbsp;www.ec.europa.eu\/consumers\/odr&nbsp;aufrufbar ist. Wir sind weder verpflichtet noch bereit, an dem Streitschlichtungsverfahren teilzunehmen. unsere Anschrift und Emailadresse: Weingut Bernhart GbRSchulstra\u00dfe 1455271 Stadecken-Elsheim E-Mail:&nbsp;info@weingutbernhart.de<\/p>\n","protected":false},"author":1,"featured_media":0,"parent":0,"menu_order":0,"comment_status":"closed","ping_status":"closed","template":"","meta":{"footnotes":""},"class_list":["post-70","page","type-page","status-publish","hentry"],"_links":{"self":[{"href":"https:\/\/weingutbernhart.de\/Catalog\/wp-json\/wp\/v2\/pages\/70","targetHints":{"allow":["GET"]}}],"collection":[{"href":"https:\/\/weingutbernhart.de\/Catalog\/wp-json\/wp\/v2\/pages"}],"about":[{"href":"https:\/\/weingutbernhart.de\/Catalog\/wp-json\/wp\/v2\/types\/page"}],"author":[{"embeddable":true,"href":"https:\/\/weingutbernhart.de\/Catalog\/wp-json\/wp\/v2\/users\/1"}],"replies":[{"embeddable":true,"href":"https:\/\/weingutbernhart.de\/Catalog\/wp-json\/wp\/v2\/comments?post=70"}],"version-history":[{"count":1,"href":"https:\/\/weingutbernhart.de\/Catalog\/wp-json\/wp\/v2\/pages\/70\/revisions"}],"predecessor-version":[{"id":71,"href":"https:\/\/weingutbernhart.de\/Catalog\/wp-json\/wp\/v2\/pages\/70\/revisions\/71"}],"wp:attachment":[{"href":"https:\/\/weingutbernhart.de\/Catalog\/wp-json\/wp\/v2\/media?parent=70"}],"curies":[{"name":"wp","href":"https:\/\/api.w.org\/{rel}","templated":true}]}}